{"id":18,"date":"2017-02-04T15:35:06","date_gmt":"2017-02-04T15:35:06","guid":{"rendered":"http:\/\/landschaftsbau-schebitz.de\/?page_id=18"},"modified":"2017-02-13T19:00:29","modified_gmt":"2017-02-13T19:00:29","slug":"ueber-uns","status":"publish","type":"page","link":"https:\/\/landschaftsbau-schebitz.de\/?page_id=18","title":{"rendered":"\u00dcber Uns"},"content":{"rendered":"<p>Landschaftsbau Schebitz wurde 1996 als Einzelunternehmen von Heiko Schebitz in M\u00fclsen gegr\u00fcndet und 2002 in eine GmbH umgewandelt. Seit Bestehen des Betriebes sind 4-6 Mitarbeiter mit langj\u00e4hriger Erfahrung im Unternehmen t\u00e4tig. Zudem besch\u00e4ftigen wir 1-2 Azubis\/Praktikanten.<\/p>\n<p>Der Landschaftsbau Schebitz verf\u00fcgt \u00fcber einen umfangreichen Technikpark: Radlader, Bagger, LKW, Transporter, R\u00fcttelplatten und Verdichtungsger\u00e4te, Trenn- und Bearbeitungsmaschinen f\u00fcr Beton- und Naturstein sowie diverse Kleintechnik und Ger\u00e4te. Erforderliche Spezialtechnik wird vor Ort angemietet.<\/p>\n<p><strong> Kompetenzen, die sich erg\u00e4nzen!<\/strong><\/p>\n<p>Wir pflegen eine langj\u00e4hrige Zusammenarbeite mit der Firma Hochbau Nerger GmbH (M\u00fclsen) im Bereich Putz, Fassade und Beschichtungsarbeiten sowie Erg\u00e4nzung bei Gro\u00dfprojekten und Spezialbaustellen.<\/p>\n","protected":false},"excerpt":{"rendered":"<p>Landschaftsbau Schebitz wurde 1996 als Einzelunternehmen von Heiko Schebitz in M\u00fclsen gegr\u00fcndet und 2002 in eine GmbH umgewandelt. Seit Bestehen des Betriebes sind 4-6 Mitarbeiter mit langj\u00e4hriger Erfahrung im Unternehmen t\u00e4tig. Zudem besch\u00e4ftigen wir 1-2 Azubis\/Praktikanten. Der Landschaftsbau Schebitz verf\u00fcgt \u00fcber einen umfangreichen Technikpark: Radlader, Bagger, LKW, Transporter, R\u00fcttelplatten und Verdichtungsger\u00e4te, Trenn- und Bearbeitungsmaschinen f\u00fcr [&hellip;]<\/p>\n","protected":false},"author":1,"featured_media":430,"parent":0,"menu_order":3,"comment_status":"closed","ping_status":"closed","template":"","meta":{"ngg_post_thumbnail":0},"_links":{"self":[{"href":"https:\/\/landschaftsbau-schebitz.de\/index.php?rest_route=\/wp\/v2\/pages\/18"}],"collection":[{"href":"https:\/\/landschaftsbau-schebitz.de\/index.php?rest_route=\/wp\/v2\/pages"}],"about":[{"href":"https:\/\/landschaftsbau-schebitz.de\/index.php?rest_route=\/wp\/v2\/types\/page"}],"author":[{"embeddable":true,"href":"https:\/\/landschaftsbau-schebitz.de\/index.php?rest_route=\/wp\/v2\/users\/1"}],"replies":[{"embeddable":true,"href":"https:\/\/landschaftsbau-schebitz.de\/index.php?rest_route=%2Fwp%2Fv2%2Fcomments&post=18"}],"version-history":[{"count":3,"href":"https:\/\/landschaftsbau-schebitz.de\/index.php?rest_route=\/wp\/v2\/pages\/18\/revisions"}],"predecessor-version":[{"id":426,"href":"https:\/\/landschaftsbau-schebitz.de\/index.php?rest_route=\/wp\/v2\/pages\/18\/revisions\/426"}],"wp:featuredmedia":[{"embeddable":true,"href":"https:\/\/landschaftsbau-schebitz.de\/index.php?rest_route=\/wp\/v2\/media\/430"}],"wp:attachment":[{"href":"https:\/\/landschaftsbau-schebitz.de\/index.php?rest_route=%2Fwp%2Fv2%2Fmedia&parent=18"}],"curies":[{"name":"wp","href":"https:\/\/api.w.org\/{rel}","templated":true}]}}