{"id":16,"date":"2017-02-04T15:34:52","date_gmt":"2017-02-04T15:34:52","guid":{"rendered":"http:\/\/landschaftsbau-schebitz.de\/?page_id=16"},"modified":"2017-02-04T18:22:52","modified_gmt":"2017-02-04T18:22:52","slug":"unsere-leistungen","status":"publish","type":"page","link":"https:\/\/landschaftsbau-schebitz.de\/?page_id=16","title":{"rendered":"Unsere Leistungen"},"content":{"rendered":"<p><strong>Komplette Befestigung:<\/strong><\/p>\n<p>Einfahrten, Wege, Parkpl\u00e4tze, Stellpl\u00e4tze, Carports, Fertiggaragen, Fahrradstellpl\u00e4tze, Fl\u00e4chenbefestigung in Beton und Naturstein, Pflasterarbeiten aller Art.<\/p>\n<p><strong>Wohlf\u00fchlen und Garten:<\/strong><\/p>\n<p>Sitzpl\u00e4tze, Terrassen und Au\u00dfentreppen,\u00a0Feuerstellen und Grillpl\u00e4tze,\u00a0Pavillons und Gartenh\u00e4user, Zaun- und Spielplatzbau, \u201eBarfu\u00dfterrassen\u201c aus Holz und Mega-Wood, Au\u00dfentreppen aus Beton und Naturstein, Spielplatzbau, Z\u00e4une und Tore aus Holz und Metall.<\/p>\n<p><strong>Neuanlage und Gestaltung von G\u00e4rten und Anlagen:<\/strong><\/p>\n<p>Fassadenbegr\u00fcnung, M\u00fcllplatzbegr\u00fcnung, Rankgitter, Pergola, Gabionen und Steink\u00f6rbe, Regenwassernutzung,<br \/>\nRegenwasserversickerung, \u00f6kologische Fl\u00e4chenbefestigung, Teiche, Bachl\u00e4ufe, Wasserspiele, Wasserbecken uvm.<\/p>\n<p><strong>Service:<\/strong><\/p>\n<p>Bagger- und Transportarbeiten, vollbiologische Kleinkl\u00e4ranlagen, Haustrockenlegung, Baumf\u00e4llungen, Rasen- und Pflanzfl\u00e4chenpflege, Baum- und Geh\u00f6lzschnitt<\/p>\n","protected":false},"excerpt":{"rendered":"<p>Komplette Befestigung: Einfahrten, Wege, Parkpl\u00e4tze, Stellpl\u00e4tze, Carports, Fertiggaragen, Fahrradstellpl\u00e4tze, Fl\u00e4chenbefestigung in Beton und Naturstein, Pflasterarbeiten aller Art. Wohlf\u00fchlen und Garten: Sitzpl\u00e4tze, Terrassen und Au\u00dfentreppen,\u00a0Feuerstellen und Grillpl\u00e4tze,\u00a0Pavillons und Gartenh\u00e4user, Zaun- und Spielplatzbau, \u201eBarfu\u00dfterrassen\u201c aus Holz und Mega-Wood, Au\u00dfentreppen aus Beton und Naturstein, Spielplatzbau, Z\u00e4une und Tore aus Holz und Metall. Neuanlage und Gestaltung von G\u00e4rten und [&hellip;]<\/p>\n","protected":false},"author":1,"featured_media":56,"parent":0,"menu_order":2,"comment_status":"closed","ping_status":"closed","template":"","meta":{"ngg_post_thumbnail":0},"_links":{"self":[{"href":"https:\/\/landschaftsbau-schebitz.de\/index.php?rest_route=\/wp\/v2\/pages\/16"}],"collection":[{"href":"https:\/\/landschaftsbau-schebitz.de\/index.php?rest_route=\/wp\/v2\/pages"}],"about":[{"href":"https:\/\/landschaftsbau-schebitz.de\/index.php?rest_route=\/wp\/v2\/types\/page"}],"author":[{"embeddable":true,"href":"https:\/\/landschaftsbau-schebitz.de\/index.php?rest_route=\/wp\/v2\/users\/1"}],"replies":[{"embeddable":true,"href":"https:\/\/landschaftsbau-schebitz.de\/index.php?rest_route=%2Fwp%2Fv2%2Fcomments&post=16"}],"version-history":[{"count":4,"href":"https:\/\/landschaftsbau-schebitz.de\/index.php?rest_route=\/wp\/v2\/pages\/16\/revisions"}],"predecessor-version":[{"id":45,"href":"https:\/\/landschaftsbau-schebitz.de\/index.php?rest_route=\/wp\/v2\/pages\/16\/revisions\/45"}],"wp:featuredmedia":[{"embeddable":true,"href":"https:\/\/landschaftsbau-schebitz.de\/index.php?rest_route=\/wp\/v2\/media\/56"}],"wp:attachment":[{"href":"https:\/\/landschaftsbau-schebitz.de\/index.php?rest_route=%2Fwp%2Fv2%2Fmedia&parent=16"}],"curies":[{"name":"wp","href":"https:\/\/api.w.org\/{rel}","templated":true}]}}